77 = -3*h + 2*h. Let t = -36 - v. Suppose -t*s + 5*q + 110 = 0, -s - 3*q + 35 + 3 = 0. What is the units digit of s?
6
Suppose -24*n + 7617 = -3975. What is the hundreds digit of n?
4
Suppose -95*q + 250353 = -465588 + 73076. What is the units digit of q?
7
Let f be (120/(-16) - -8)*0. Suppose y = 2*j - 911, 3*j - 4*y - 955 - 409 = f. What is the tens digit of j?
5
Let v be (4/(-8))/((-5)/40). Suppose -v*t + 2*d + 12 = 0, 5 = t - 5*d + 2. Suppose 0 = t*g - 2*g - 234. What is the units digit of g?
4
Let z(x) = -x**2 - 7*x - 1. Suppose q = 5*p - 4*q + 15, 5*p = -3*q - 47. Let o be z(p). What is the hundreds digit of 20*(o - 190/(-25))?
1
Let p(v) = 2*v**3 - 5*v**2 + 19*v - 10. Let h be p(5). What is the units digit of (14210/h)/(-1*(-2)/18)?
9
Let c = -8801 + 17769. What is the tens digit of c?
6
Suppose -297*b - 12599 = -298*b. What is the hundreds digit of b?
5
Let w(d) = 873*d - 11. Let o be w(1). Suppose 578 + o = 15*p. What is the tens digit of p?
9
Let w(h) be the second derivative of h**4/12 + 13*h**3/6 - 8*h**2 - 4*h. Let o be w(-16). Suppose -4*y + 56 = -o. What is the tens digit of y?
2
Let y(k) = -k - 17. Let v be y(-13). Let b be (-2)/8 + 13508/16 + v. Suppose -5*r - 3*z - 22 = -856, -5*r - 5*z = -b. What is the hundreds digit of r?
1
Let r(w) = 5*w**2 - w. Let h(f) = -f**2 - f - 1. Let m(c) = -3*h(c) + r(c). Let v = 4233 - 4228. What is the hundreds digit of m(v)?
2
Let l = 25 + -23. Suppose -l*b = -5*b - 1683. What is the tens digit of b/(-9) - (0 - 6/9)?
6
Suppose 16*y + 2273 = 105937. What is the hundreds digit of y?
4
Suppose 0 = -12*p + 9*p + 4026. Suppose -13*w + p = -9890. What is the tens digit of w?
6
Let z(n) = 14*n + 54. Let g be z(-6). Let d be (-2766 + 0)*40/g. Suppose -736 + d = 12*t. What is the units digit of t?
6
Let w(s) = s - 28. Let p = 13 - 22. Let o be w(p). Let v = o - -76. What is the tens digit of v?
3
Let h = 39033 + -2577. What is the thousands digit of h?
6
Let c be -2 + 7 + 51/(-3). Let v be (-1*3)/(c/8). Suppose v*k = 5*h - 498, 0*h - 102 = -h - 2*k. What is the units digit of h?
0
Let c(t) be the first derivative of -t**5/60 + 7*t**4/12 + 11*t**3/3 - 24. Let u(p) be the third derivative of c(p). What is the tens digit of u(-15)?
4
Suppose -5550*q + 5552*q - 81287 = -5*l, -4*l = 3*q - 121927. What is the thousands digit of q?
0
Suppose -4*d - 1566 = -3*m, 3*m + d + 503 = 2069. Let t be -2*(1*-2)/4. What is the units digit of m/12 - t/(-2)?
4
Suppose -10*o = -17*o + 51*o - 85492. What is the tens digit of o?
4
Suppose 2*c + 5*c = 28. Suppose 3*n - 80 = 2*x, -5*x + 27 - 122 = -c*n. What is the units digit of n?
0
Suppose 24*i - 8058 - 26262 = 73776. What is the tens digit of i?
0
Let b be ((-6)/((-48)/4))/((-2)/(-168)). Let c(l) = b + 22 + 20*l - 25. What is the units digit of c(8)?
9
Let n(t) = 4*t**3 + 36*t**2 - 27*t - 25. What is the thousands digit of n(11)?
9
Suppose 39*l + 3535 = 46*l. Suppose -512*s = -l*s - 8841. What is the thousands digit of s?
1
What is the hundreds digit of (-8)/(-1) + (-29)/((-29)/3389)?
3
Let h be 2/(-4 - 45/(-12)). What is the hundreds digit of -4*(-110)/h*-27?
4
Let a(j) = -j**3 - 8*j**2 - 6*j - 24. Let f be a(-8). What is the units digit of (-1)/((f/(-144))/(206/4))?
9
Let y = 900 + -509. Suppose -2*w + 0*r = 5*r - y, -5*w - r = -943. Let d = -73 + w. What is the units digit of d?
5
Let j(c) be the second derivative of 33*c**5/20 + 4*c**3/3 - 9*c**2/2 + 73*c. What is the hundreds digit of j(3)?
9
Let j(o) be the first derivative of -o**3/2 + 25*o**2/2 - o - 5. Let b(a) be the first derivative of j(a). What is the tens digit of b(-24)?
9
Suppose 37*p - 35*p - 698 = 0. Let b = p - -20. What is the tens digit of b?
6
Let o = -20343 - -53466. What is the hundreds digit of o?
1
Suppose 4*l = -3*x - 1198, x = -4*x - l - 2025. Let t = 576 + x. What is the tens digit of t?
7
Suppose 0 = -o + 2*k + 28875, -4*k = 2*o - 69946 + 12244. What is the thousands digit of o?
8
Let c(d) = -10*d**3 + 4*d**3 + 17*d**3 + d - 5*d**2 + 3*d + 4. What is the hundreds digit of c(4)?
6
Suppose -3*r + 26881 = 2*f - 0*f, -r = -3*f + 40305. Suppose f + 6692 = 34*n. What is the tens digit of n?
9
Let d be 142334/29 - 36/522. What is the tens digit of 1*11/(66/d)?
1
Let d = 17308 + -6956. What is the ten thousands digit of d?
1
Suppose 0 = -w - 56 + 55. What is the tens digit of (w/(-2))/((-10)/(-12820))?
4
What is the ten thousands digit of 20/16 + -2 + 161500/16?
1
Let u = 5967 + 1251. What is the tens digit of u?
1
Suppose 15*v + 396 = -984. Let i = 103 - v. What is the units digit of i?
5
Let n = -68 - -70. Let y(u) = 434*u + 2*u**n - 25 - 434*u. What is the units digit of y(-10)?
5
Let k = 74560 + -50086. What is the ten thousands digit of k?
2
Let g = -5293 + 12177. What is the tens digit of g?
8
Let x(a) = -2*a + 9. Let j(l) = -5*l + 15. Let q(o) = -3*j(o) + 7*x(o). What is the units digit of q(9)?
7
Let d(a) = -314*a - 1038. Let j(i) = -63*i - 208. Let k(u) = -2*d(u) + 11*j(u). What is the tens digit of k(-10)?
3
What is the units digit of 2/(-7) - (-1223490)/105?
2
What is the ten thousands digit of (-3)/(-16) - 25017741/(-1296)?
1
Let z = -162 - -231. Suppose 619 = y + z. Suppose -o = 4*o - y. What is the tens digit of o?
1
Let i(j) = j**3 - 5*j**2 - 8*j - 14. Let v be i(-15). What is the tens digit of v/(-18) - 18/162?
4
Let t(c) = -632*c + 6. Let g be t(-3). Let y = -847 + g. What is the thousands digit of y?
1
Let c(x) = x**3 - 4*x**2 - 11*x - 2. Suppose 4*v - 39 = -3*y, 15 = 5*v - 5*y + 2*y. Let m be c(v). What is the hundreds digit of (-1 - -42)*m - (-4 + 6)?
1
Let m = 72893 + -39482. What is the tens digit of m?
1
What is the units digit of 9 - 15*9/45*(-87130)/5?
7
Let t(p) = -p**3 + 13*p**2 - 4*p + 27. Suppose -3*y + 25*y = 242. What is the hundreds digit of t(y)?
2
Suppose -2284 = -4*x + 19*v - 23*v, -3*x + 1714 = 4*v. Suppose -37018 = -34*j - x. What is the units digit of j?
2
Let g(u) = u**3 + u**2 + 1. Let a(d) = 19*d**3 + 7*d**2 + d + 2. Let o(t) = a(t) - 5*g(t). Let v be 1/(3/(-2) - -2). What is the hundreds digit of o(v)?
1
Suppose -2*t - p + 7 = 0, -4 = -3*t - 4*p + 9. Suppose 0*b = t*b - 255. What is the tens digit of b?
8
Suppose 19*m = 10*m + 12*m - 1431. What is the hundreds digit of m?
4
What is the tens digit of 9*(-485441)/(-198) + (-1)/2?
6
Suppose 17*c = 5*c - 3*c + 97065. What is the units digit of c?
1
Suppose 0 = -3*u - 2*k + 9260, -13*u = -11*u + 3*k - 6175. What is the thousands digit of u?
3
Let w(i) = -2*i**2 - 48*i + 19. Let f be w(-24). Suppose -f*n + 10*n + 14337 = 0. What is the hundreds digit of n?
5
Suppose -4*n = 5 - 1. Let h be 4 + -3 - (-1)/n. Suppose h = -f + 3*f - 150. What is the units digit of f?
5
Let v = -38 + 35. Let y be (2 - -2) + v - 0. What is the tens digit of ((-92)/4 - y)/(4/(-6))?
3
Suppose 5*f - 62 = 43. Suppose 0 = f*c - 6*c - 6900. What is the hundreds digit of c?
4
Let b be 265/(-20) + (-4 - -2)/(-8). Suppose -5*d + d - 2*j + 220 = 0, 0 = 3*j. Let h = b + d. What is the tens digit of h?
4
Let d = -119 - -114. What is the tens digit of (-1932)/(-22) - 2*d/55?
8
Let v be -3 + 1*28/(-4). Let m be v/(0 - 8/100). Let s = -30 + m. What is the units digit of s?
5
Suppose 17663 = f + 4*d, -5*d - 3*d = -3*f + 52929. What is the tens digit of f?
5
What is the thousands digit of (-1198772)/(-20) + 4 - (-2 + 24/15)?
9
Let z(d) = 4*d**3 + 2*d**2 - 8*d - 5. Let c be z(7). Suppose r = i - 353, 2*i - 6*i + r + c = 0. What is the units digit of i?
2
Let h(o) = -1150*o + 1. What is the thousands digit of h(-4)?
4
Let l(a) = 1046*a**2 - 48*a + 31. What is the units digit of l(4)?
5
Let k(m) = 3*m**2 + 24*m - 71. Let p be k(3). Let d be (-3)/4*-4*6. Let u = p - d. What is the units digit of u?
0
Suppose -74*k = 8*k - 1777350. What is the thousands digit of k?
1
Let p(g) be the first derivative of g**4/4 + 11*g**3/3 + g**2 - 10*g - 10. Let u be p(-10). Suppose 0 = -y + 169 - u. What is the tens digit of y?
9
Let o = -18 + 25. Suppose 25 = 5*g + u, -3*g - 2*u - 3*u = o. Suppose 0 = g*k - 80 - 508. What is the tens digit of k?
9
Let d = 34 + -7. Let p be ((-2)/(-3))/((-6)/d). What is the units digit of 42 + (-1 - p)/2?
3
Let t(l) = l**2 - 15*l - 17. Let g(s) = 16*s**2 - 4*s + 4. Let v be g(1). Let y be t(v). Let b(z) = -123*z**3 + 1. What is the tens di